 (-6 + 13) - 4) + 7?
-2
What is the value of -6 + (5 - 0) + -3 + 0 - -4?
0
Calculate -32 + 22 + -7 + 6 + 4.
-7
-1 - 8 - (-4 + -28)
23
What is the value of (5 - 13) + 5 + 5 + -14 + -6?
-18
Evaluate 16 - (24 - -1) - (-15 + -1).
7
What is -20 - -9 - -18 - (7 + -11) - -7?
18
1 - (7 - (-8 + 12) - 10)
8
Evaluate (-27 - -17 - -10) + -11.
-11
What is (2 - (0 + 0)) + (11 + -17 - -11)?
7
What is 2 - -6 - (-26 + 47 - (-1 + 1))?
-13
Calculate -2 - (11 - -3 - (5 + 18 - 16)).
-9
5 + 0 + (-12 - -7) + 0 + -8
-8
Evaluate 6 - 1 - (8 - 9).
6
Calculate (-3314 - -3326) + (1 - 1) + -5.
7
-14 - -23 - (-4 - 1) - 22
-8
What is -4 + (0 - (2 - 4)) + 0 + -11?
-13
What is the value of (-44 - -47) + 1 + 1 + (-25 - 1)?
-21
Evaluate -19 - (-10 + -21 + 24).
-12
Evaluate (-9 + -1 - -30 - 9) + -22.
-11
(1 - -2) + (-23 - -18)
-2
What is the value of -60 + 57 + (31 - -1) + 1 + -2?
28
What is -1 + (-3 - 25) + 41?
12
Calculate (-8 - 0 - -12) + (-17 - -8).
-5
What is -1 + -2 + (-1 - (12 + -19 + 4))?
-1
What is the value of (0 - -1) + 2 + (2 - (30 - -13))?
-38
What is the value of (12 - 2) + -35 + (-2 - -9)?
-18
What is the value of 42 + -8 - (1 - -15)?
18
What is 2 - (0 - (-5 - -5 - (-1 - -3)))?
0
Calculate 9 - (14 + -5 + 7) - 9.
-16
Evaluate (2 - -3 - (-4 - -8)) + -7 - -3.
-3
-4 + 7 - (-1 + (1 - (-4 + 5)))
4
2 - (5 + 17 + -19 + 1 + 1)
-3
What is -1 + (-7 - (4 - 10))?
-2
What is the value of -3 - (12 - 14 - 8)?
7
(-17 - 23) + (77 - 27)
10
Evaluate -4 + 9 - (3 - (-13 - -24)).
13
What is (1 - -4 - (-26 - (-44 + 19))) + -13?
-7
What is 1 + -6 - (-1045 + 1078)?
-38
Calculate -18 + 12 - ((-3 - (-1 - 5)) + -16).
7
(-12 - 7) + -5 - -12
-12
Calculate (2 - -8) + (-66 - (-29 + 19)) + 18.
-28
What is (0 - (10 + -4)) + -1?
-7
Evaluate 4 - (2 - (-7 - 15)).
-20
What is the value of (3 - 11) + 3 - (-231 + 224)?
2
Evaluate 25 + 7 - (22 + 3).
7
What is 9 + (1 - (-4 - -9))?
5
Calculate 4 + 28 - 23 - (2 - -1).
6
9 - 10 - (-8 + 12) - -4
-1
1 + 12 - (72 + 65 + -118)
-6
10 - 0 - (-370 - -390)
-10
8 - (7 - (7 - 1) - 5)
12
Evaluate -30 + 9 + 6 + 2.
-13
26 + -40 + (-5 - -16)
-3
What is (-9 - 15) + 16 + 5?
-3
What is (-6 - -11) + 2 + 0 + (-5 - 12)?
-10
Calculate 2 + -3 + 7 + -4 + 15.
17
Evaluate -31 + (-23 - 17) + 41.
-30
What is the value of (0 - -13 - -3) + 12 - 18?
10
Evaluate 3 + 2 + -11 + -14 - 0.
-20
-8 + (7 + -16 + -11 - -29)
1
What is the value of 901 + -896 - (-27 - 0)?
32
Calculate 30 + (-5 - -4) + -17 + -44.
-32
Calculate -18 + (22 - 15) - -47.
36
Evaluate -1 + (-3 - 3) + (3 - -15).
11
-5 + (13 - 12 - -2) - 11
-13
Calculate 6 + -22 - (45 - 74).
13
What is 18 + (-20 - -22) + -35?
-15
What is the value of (7 - 2) + 2 + (2 + 1 - 4)?
6
What is the value of -4 - -1 - (-1 - 1 - -4)?
-5
(-3 - -20) + 0 + -9
8
Evaluate 4 + -2 + -9 + -13 + (-3 - -20).
-3
What is the value of 3356 + -3358 - (-2 + 1 + -1 + 3)?
-3
4 - (5 + 0 + (308 - 301))
-8
Calculate -9 - (-16 - -7) - 10.
-10
What is 41 + -24 + (5 - 19) + -1 + -15?
-13
What is the value of -24 + (56 - 12) + 4?
24
10 + 94 + -88 + -3 + -40
-27
Calculate 12 - (-9 - 1 - (1 - 3) - -42).
-22
7 - ((-1 - -1) + (155 - 144))
-4
What is 1 - (15 - (28 + 2) - -29)?
-13
What is -21 + 6 + 20 - -28 - 6?
27
17 + 16 + -3 + -16
14
What is the value of -9 - (-1 + 8 + -94 + 68)?
10
-7 + (-3 - (15 + -4 - 17))
-4
Evaluate (7 - (-6 - 5)) + (3 - 16).
5
What is -11 + 5 - -15 - 0 - (11 - -5)?
-7
Calculate 24 + -11 + 0 + -5 - 31.
-23
Calculate -8 - (6 + (-2 - -7 - 5) - 7).
-7
Calculate -13 + -20 + -17 + 56.
6
(-24 - -36 - -6) + -6 + 2 + -2
12
What is -22 - ((3 - (7 + -14)) + -2 + -15)?
-15
Calculate 2 - (0 + 1 - (13 + -12 + -6)).
-4
What is 2 - -29 - (-657 - -657)?
31
Calculate -4 - -1 - (-2 - 4) - -2.
5
Calculate 0 + (0 - (2 + 2)) + -5.
-9
What is (0 - 2) + (16 - (1 + 5))?
8
(-3 - (12 + -14) - (0 + 5)) + 7
1
Evaluate -10 + -5 - -1 - 1.
-15
19 - (4 - 17 - -10)
22
What is (-4 - (1 + (-11 - -7) + -23)) + 0?
22
What is 0 + 4 - (-13 - (10 + -9 + -25))?
-7
2 + 18 - (63 - 32) - (0 + -10)
-1
18 - -1 - 2 - (5 + 1 + 1)
10
-28 - (-19 - 47) - 30
8
What is the value of -3 - -5 - ((5 - (-1 + 2)) + 12)?
-14
What is the value of 11 + (-2 - (17 - 7))?
-1
What is the value of -16 + (5 - 6 - (7 + -2)) + 2?
-20
68 - (34 - 4) - 7
31
34 - ((27 - -3) + -17)
21
What is the value of (37 - 29) + (2 - (0 - 2)) + 4?
16
What is (-7 - -1 - (4 - (11 - 3))) + 4?
2
What is (-34 + 41 - (9 + 0)) + (-3 - -1)?
-4
What is the value of 3 + (1 - -2) + (6 - (-2 + 4))?
10
Evaluate (10 + -1 - 8 - (1 + 18)) + 1.
-17
What is the value of 3 + 1 + 5 + (37 - 29)?
17
Evaluate -15 + 2 + (-15 - -24).
-4
What is the value of -31 + -31 + 29 + 19?
-14
Evaluate -64 + 65 - (18 - 10).
-7
What is -40 + (7 - 1 - 1 - -14)?
-21
Evaluate -175 - -173 - (1 + -10).
7
What is the value of (-7 - -31) + -43 - -18?
-1
What is (12 - 21 - -3) + 4 + -9 + -4?
-15
Calculate (-5 - -12) + 1 + -2 + -2.
4
Evaluate (-105 - -119) + (-1 - -1) + -14.
0
Evaluate 13 + 2 - (-43 - -42) - 10.
6
Calculate -34 - -39 - (5 - 2).
2
Calculate 38 + -40 + (-6 + 0 - -21).
13
Evaluate (-2 - 5 - 1) + (6 - -4).
2
Calculate -2 - ((9 - (1 - -12)) + -7 + -3).
12
What is the value of (0 - -11) + 26 + -20?
17
-8 + (26 - 0 - (-18 - -26))
10
What is 3 - -17 - (24 - (27 + 2))?
25
What is the value of -4 + (-2 - (-9 + 8)) - (-3 + -4)?
2
What is (6 - -6) + (-4 - 17)?
-9
Evaluate 42 + -28 + -5 + (1 - 2 - 25).
-17
Calculate -2 + 10 + -21 + 0.
-13
Calculate -2 + -10 + 9 + -5 + (-2 - 4).
-14
-3 - (7 + (-4 - 1) - 3)
-2
Evaluate -7 + -13 + 34 + -8.
6
Calculate -8 - -2 - (85 - 94).
3
What is the value of (-3 + (1 - 1) - -20 - 10) + 24?
31
What is 5 - (1 + 8) - (1 - (10 + -6))?
-1
What is the value of 13 + (-8 - ((2 - 8) + -3))?
14
Calculate 1 + 5 + 12 + (-5 - (1 + 1)).
11
What is the value of 3 + 3 + (-17 + 3 - -1)?
-7
What is 37 + -14 + (-3 - (1 + 1)) + 10?
28
Evaluate (-20 - -1) + -132 + 135 - -14.
-2
Calculate 19 - (1 + 0 + 1 + -1 - -1).
17
What is the value of -35 + ((71 - 47) + (-5 - 1) - 6)?
-23
What is -2 + 2 + -24 + (-8 - -16) + -1?
-17
What is -11 + 9 + (4 - 6) + 0?
-4
What is -39 + 74 - 44 - (-1 + -1 - -7)?
-14
What is (-57 - -58) + (2 - 4) - (0 + -42)?
41
Evaluate 12 + -13 + 3 + 22.
24
What is (14 - (-12 - -46)) + 16?
-4
What is -6 - (-2 + (1 - (7 + -18)))?
-16
What is the value of 11 + 3 + (9 + -5 - 8)?
10
What is 4 + -1 - (-25 + (12 - (16 - 13)))?
19
What is the value of 0 - (-8 - ((-4 - -12) + -30 + -4))?
-18
What is the value of -10 - (-7 + 14 + 6 - 17)?
-6
What is 21 - (4 - -6) - (6 + 5) - -16?
16
What is (2 - 4) + -6 + -15 + 15?
-8
Evaluate -4 - (-6 + 8) - (2 + 3).
-11
What is the value of -82 + (45 - 6) - -39?
-4
-14 - (-7 + 23) - -18
-12
Calculate -7 + 11 - (1 - -2) - (-64 + 72).
-7
What is the value of 0 + -15 - 2 - (19 - 24)?
-12
(23 - 17 - 15) + 22 + -5
8
What is the value of 0 + 1 + -126 + 141?
16
What is the value of 41 + -33 + -3 + (11 - (0 + -1))?
17
Evaluate 14 + -20 + (2 + 2 - (-4 + 6)).
-4
(21 - 12) + -39 + (0 - -5)
-25
What is the value of -38 - (-9 + 1 + 20 + -30)?
-20
What is the value of (0 - (-3 - -1)) + -10 + (-4 - 0)?
-12
What is the value of -13 + 21 + 18 + -17?
9
Calculate -14 - 5 - (-23 + 9 - -1).
-6
What is -3 - (-4 + 2 - (7 - (-1 - 4)))?
11
What is the value of 33 + -32 + (-3 - -22)?
20
What is the value of (1 - (11 - 16) - 11) + -15?
-20
What is 24 + -6 - (-38 - -65)?
-9
Evaluate 3 + 14 + -11 + 1 + -12.
-5
Calculate -3 + (-7 - -16) + (-6 - 10).
-10
Evaluate (30 - 27 - -3) + (22 - (-4 + 3)).
29
What is -8 + -10 - (-2 - 8 - (-4 + -3))?
-15
Evaluate 6 + (4 - 17) + 13 + (-1 - -3).
8
(-663 - -673) + (-20 - 2)
-12
Evaluate 3 + (8 + 3 + -2 - 22).
-10
Evaluate -5 + (-10 - 6) + 2 + (0 - -5).
-14
What is the value of 0 + -1 - ((2 - (10 + 2)) + -1)?
10
-19 - (-40 + -15 + 33)
3
Evaluate 12 - (-571 + 553 + (-10 - 1)).
41
What is the value of 4 - (-6 - (-6 + 15 + -8))?
11
Evaluate 1 - 2 - (7 + -10) - (-4 + 35).
-29
What is the value of -11 - (-5 - -17 - 8)?
-15
-49 + (-2 - -68 - 34)
-17
What is the value of -1 + 11 + -15 + -20?
-25
What is (4 - (4 - 0)) + -5 + 13?
8
Calculate (7 - (3 - -4)) + -14 + -7 + 11.
-10
Calculate 13 + -4 + -2 - (-1 + 1).
7
What is (-2 - 1) + (164 - 153 - (5 - -1))?
2
-13 - (-8 + 12 - 13)
-4
What is the value of 4 + -24 + 50 + -10?
20
What is the value of 6 - ((1 + -3 - -1) + 7 + -6)?
6
What is -1 + 16 - 27 - 0?
-12
What is the value of (-6 -